{"id":231,"date":"2014-01-27T11:28:38","date_gmt":"2014-01-27T10:28:38","guid":{"rendered":"http:\/\/www.toldosaraque.com\/?page_id=231"},"modified":"2026-03-01T12:09:50","modified_gmt":"2026-03-01T11:09:50","slug":"lonas-para-piscinas","status":"publish","type":"page","link":"https:\/\/toldosaraque.com\/madrid\/lonas-para-piscinas\/","title":{"rendered":"LONAS PARA PISCINAS"},"content":{"rendered":"<p>[et_pb_section fb_built=\u00bb1&#8243; admin_label=\u00bbsection\u00bb _builder_version=\u00bb4.16&#8243; global_colors_info=\u00bb{}\u00bb][et_pb_row column_structure=\u00bb1_2,1_2&#8243; admin_label=\u00bbrow\u00bb _builder_version=\u00bb4.16&#8243; background_size=\u00bbinitial\u00bb background_position=\u00bbtop_left\u00bb background_repeat=\u00bbrepeat\u00bb global_colors_info=\u00bb{}\u00bb][et_pb_column type=\u00bb1_2&#8243; _builder_version=\u00bb4.16&#8243; custom_padding=\u00bb|||\u00bb global_colors_info=\u00bb{}\u00bb custom_padding__hover=\u00bb|||\u00bb][et_pb_text _builder_version=\u00bb4.19.5&#8243; background_size=\u00bbinitial\u00bb background_position=\u00bbtop_left\u00bb background_repeat=\u00bbrepeat\u00bb module_alignment=\u00bbleft\u00bb custom_margin=\u00bb||0px|\u00bb use_border_color=\u00bboff\u00bb border_color=\u00bb#ffffff\u00bb border_style=\u00bbsolid\u00bb global_colors_info=\u00bb{}\u00bb]<\/p><div id=\"ez-toc-container\" class=\"ez-toc-v2_0_81 ez-toc-wrap-center counter-hierarchy ez-toc-counter ez-toc-grey ez-toc-container-direction\">\n<p class=\"ez-toc-title\" style=\"cursor:inherit\">Resumen:<\/p>\n<label for=\"ez-toc-cssicon-toggle-item-69e2f6d2c0459\" class=\"ez-toc-cssicon-toggle-label\"><span class=\"ez-toc-cssicon\"><span class=\"eztoc-hide\" style=\"display:none;\">Toggle<\/span><span class=\"ez-toc-icon-toggle-span\"><svg style=\"fill: #999;color:#999\" xmlns=\"http:\/\/www.w3.org\/2000\/svg\" class=\"list-377408\" width=\"20px\" height=\"20px\" viewBox=\"0 0 24 24\" fill=\"none\"><path d=\"M6 6H4v2h2V6zm14 0H8v2h12V6zM4 11h2v2H4v-2zm16 0H8v2h12v-2zM4 16h2v2H4v-2zm16 0H8v2h12v-2z\" fill=\"currentColor\"><\/path><\/svg><svg style=\"fill: #999;color:#999\" class=\"arrow-unsorted-368013\" xmlns=\"http:\/\/www.w3.org\/2000\/svg\" width=\"10px\" height=\"10px\" viewBox=\"0 0 24 24\" version=\"1.2\" baseProfile=\"tiny\"><path d=\"M18.2 9.3l-6.2-6.3-6.2 6.3c-.2.2-.3.4-.3.7s.1.5.3.7c.2.2.4.3.7.3h11c.3 0 .5-.1.7-.3.2-.2.3-.5.3-.7s-.1-.5-.3-.7zM5.8 14.7l6.2 6.3 6.2-6.3c.2-.2.3-.5.3-.7s-.1-.5-.3-.7c-.2-.2-.4-.3-.7-.3h-11c-.3 0-.5.1-.7.3-.2.2-.3.5-.3.7s.1.5.3.7z\"\/><\/svg><\/span><\/span><\/label><input type=\"checkbox\"  id=\"ez-toc-cssicon-toggle-item-69e2f6d2c0459\" checked aria-label=\"Alternar\" \/><nav><ul class='ez-toc-list ez-toc-list-level-1 ' ><li class='ez-toc-page-1 ez-toc-heading-level-1'><a class=\"ez-toc-link ez-toc-heading-1\" href=\"https:\/\/toldosaraque.com\/madrid\/lonas-para-piscinas\/#lonas-para-piscinas\" >LONAS PARA PISCINAS<\/a><ul class='ez-toc-list-level-4' ><li class='ez-toc-heading-level-4'><ul class='ez-toc-list-level-4' ><li class='ez-toc-heading-level-4'><ul class='ez-toc-list-level-4' ><li class='ez-toc-heading-level-4'><a class=\"ez-toc-link ez-toc-heading-2\" href=\"https:\/\/toldosaraque.com\/madrid\/lonas-para-piscinas\/#galeria-de-imagenes\" >GALER\u00cdA DE IM\u00c1GENES<\/a><\/li><li class='ez-toc-page-1 ez-toc-heading-level-4'><a class=\"ez-toc-link ez-toc-heading-3\" href=\"https:\/\/toldosaraque.com\/madrid\/lonas-para-piscinas\/#catalogo-lona-pool-sauleda\" >CAT\u00c1LOGO LONA POOL SAULEDA<\/a><\/li><\/ul><\/li><li class='ez-toc-page-1 ez-toc-heading-level-3'><a class=\"ez-toc-link ez-toc-heading-4\" href=\"https:\/\/toldosaraque.com\/madrid\/lonas-para-piscinas\/#lonas-para-piscinas-en-madrid-y-zona-sur\" >Lonas para piscinas en Madrid y zona sur<\/a><\/li><\/ul><\/li><li class='ez-toc-page-1 ez-toc-heading-level-2'><a class=\"ez-toc-link ez-toc-heading-5\" href=\"https:\/\/toldosaraque.com\/madrid\/lonas-para-piscinas\/#instaladores-de-lonas-para-piscinas\" >Instaladores de lonas para piscinas<\/a><\/li><li class='ez-toc-page-1 ez-toc-heading-level-2'><a class=\"ez-toc-link ez-toc-heading-6\" href=\"https:\/\/toldosaraque.com\/madrid\/lonas-para-piscinas\/#tipos-de-cubiertas-para-piscinas\" >Tipos de cubiertas para piscinas<\/a><ul class='ez-toc-list-level-3' ><li class='ez-toc-heading-level-3'><a class=\"ez-toc-link ez-toc-heading-7\" href=\"https:\/\/toldosaraque.com\/madrid\/lonas-para-piscinas\/#cubiertas-de-seguridad\" >Cubiertas de seguridad<\/a><\/li><li class='ez-toc-page-1 ez-toc-heading-level-3'><a class=\"ez-toc-link ez-toc-heading-8\" href=\"https:\/\/toldosaraque.com\/madrid\/lonas-para-piscinas\/#cubiertas-solares\" >Cubiertas solares<\/a><\/li><li class='ez-toc-page-1 ez-toc-heading-level-3'><a class=\"ez-toc-link ez-toc-heading-9\" href=\"https:\/\/toldosaraque.com\/madrid\/lonas-para-piscinas\/#lonas-de-invierno\" >Lonas de invierno<\/a><\/li><\/ul><\/li><li class='ez-toc-page-1 ez-toc-heading-level-2'><a class=\"ez-toc-link ez-toc-heading-10\" href=\"https:\/\/toldosaraque.com\/madrid\/lonas-para-piscinas\/#lonas-para-piscina-a-medida\" >Lonas para piscina a medida<\/a><\/li><li class='ez-toc-page-1 ez-toc-heading-level-2'><a class=\"ez-toc-link ez-toc-heading-11\" href=\"https:\/\/toldosaraque.com\/madrid\/lonas-para-piscinas\/#ventajas-de-instalar-una-lona-para-piscina\" >Ventajas de instalar una lona para piscina<\/a><\/li><li class='ez-toc-page-1 ez-toc-heading-level-2'><a class=\"ez-toc-link ez-toc-heading-12\" href=\"https:\/\/toldosaraque.com\/madrid\/lonas-para-piscinas\/#sustitucion-de-lonas-para-piscinas\" >Sustituci\u00f3n de lonas para piscinas<\/a><\/li><li class='ez-toc-page-1 ez-toc-heading-level-2'><a class=\"ez-toc-link ez-toc-heading-13\" href=\"https:\/\/toldosaraque.com\/madrid\/lonas-para-piscinas\/#fabricacion-e-instalacion-en-valdemoro-pinto-y-alrededores\" >Fabricaci\u00f3n e instalaci\u00f3n en Valdemoro, Pinto y alrededores<\/a><\/li><li class='ez-toc-page-1 ez-toc-heading-level-2'><a class=\"ez-toc-link ez-toc-heading-14\" href=\"https:\/\/toldosaraque.com\/madrid\/lonas-para-piscinas\/#preguntas-frecuentes-sobre-lonas-para-piscinas\" >Preguntas frecuentes sobre lonas para piscinas<\/a><ul class='ez-toc-list-level-3' ><li class='ez-toc-heading-level-3'><a class=\"ez-toc-link ez-toc-heading-15\" href=\"https:\/\/toldosaraque.com\/madrid\/lonas-para-piscinas\/#%c2%bfes-obligatorio-instalar-una-cubierta-de-seguridad\" >\u00bfEs obligatorio instalar una cubierta de seguridad?<\/a><\/li><li class='ez-toc-page-1 ez-toc-heading-level-3'><a class=\"ez-toc-link ez-toc-heading-16\" href=\"https:\/\/toldosaraque.com\/madrid\/lonas-para-piscinas\/#%c2%bfcuanto-dura-una-lona-de-piscina\" >\u00bfCu\u00e1nto dura una lona de piscina?<\/a><\/li><li class='ez-toc-page-1 ez-toc-heading-level-3'><a class=\"ez-toc-link ez-toc-heading-17\" href=\"https:\/\/toldosaraque.com\/madrid\/lonas-para-piscinas\/#%c2%bfse-puede-instalar-en-cualquier-piscina\" >\u00bfSe puede instalar en cualquier piscina?<\/a><\/li><li class='ez-toc-page-1 ez-toc-heading-level-3'><a class=\"ez-toc-link ez-toc-heading-18\" href=\"https:\/\/toldosaraque.com\/madrid\/lonas-para-piscinas\/#%c2%bfreduce-realmente-el-mantenimiento\" >\u00bfReduce realmente el mantenimiento?<\/a><\/li><\/ul><\/li><\/ul><\/li><\/ul><\/nav><\/div>\n\n<h1 style=\"text-align: center;\"><span class=\"ez-toc-section\" id=\"lonas-para-piscinas\"><\/span><strong>LONAS PARA PISCINAS<\/strong><span class=\"ez-toc-section-end\"><\/span><\/h1>\n<p>[\/et_pb_text][et_pb_divider color=\u00bb#2c99fc\u00bb disabled_on=\u00bboff\u00bb _builder_version=\u00bb4.16&#8243; hide_on_mobile=\u00bboff\u00bb global_colors_info=\u00bb{}\u00bb][\/et_pb_divider][et_pb_text _builder_version=\u00bb4.16&#8243; background_size=\u00bbinitial\u00bb background_position=\u00bbtop_left\u00bb background_repeat=\u00bbrepeat\u00bb module_alignment=\u00bbleft\u00bb use_border_color=\u00bboff\u00bb border_color=\u00bb#ffffff\u00bb border_style=\u00bbsolid\u00bb global_colors_info=\u00bb{}\u00bb]<\/p>\n<p style=\"text-align: justify;\">Ofrecemos todo tipo de lonas para piscinas adaptadas a todo tipo de superficies y tama\u00f1os.<\/p>\n<p style=\"text-align: justify;\">Cubriendo su piscina con una lona apropiada, podr\u00e1 mantener el agua en buenas condiciones todo el invierno sin necesidad de limpiar cada temporada, ahorrando en productos qu\u00edmicos y trabajo.<\/p>\n<p style=\"text-align: justify;\">El sistema de anclaje de la lona al borde de la piscina evitar\u00e1 adem\u00e1s que se produzcan accidentes con los ni\u00f1os y mascotas, evitando ca\u00eddas al agua.<\/p>\n<p style=\"text-align: justify;\">Las lonas para piscina ofrecen una seguridad total y gran tranquilidad a la familia.<\/p>\n<p style=\"text-align: justify;\">Las lonas para piscina tienen muchas ventajas, al usar una lona de toldo se produce un ahorro en el consumo de agua, elimina trabajo de limpieza, es eficiente y duradera e impide la ca\u00edda de hojas, tierra y alarga la vida de la depuradora.<\/p>\n<p style=\"text-align: justify;\">Disponemos de cobertores de PVC de 580 gr. en colores azul y negro. Soportan sin problemas el peso de una persona adulta y es un excelente quita miedos.<\/p>\n<p style=\"text-align: justify;\"><strong><u>Ventajas de usar una lona en su piscina<br \/><\/u><\/strong><\/p>\n<ol>\n<li style=\"text-align: justify;\">Evita la descomposici\u00f3n del agua.<\/li>\n<li style=\"text-align: justify;\">Anula los efectos de las heladas.<\/li>\n<li style=\"text-align: justify;\">Impide el paso de la suciedad.<\/li>\n<li style=\"text-align: justify;\">Suprime los Trabajos de Puesta a Punto.<\/li>\n<li style=\"text-align: justify;\">Conserva el vaso de la piscina.<\/li>\n<li style=\"text-align: justify;\">Ahorra gran cantidad de agua.<\/li>\n<li style=\"text-align: justify;\">El agua puede ser reutilizada.<\/li>\n<li style=\"text-align: justify;\">Ofrece gran resistencia al peso.<\/li>\n<li style=\"text-align: justify;\">Seguridad para ni\u00f1os.<\/li>\n<\/ol>\n<p>[\/et_pb_text][\/et_pb_column][et_pb_column type=\u00bb1_2&#8243; _builder_version=\u00bb4.16&#8243; custom_padding=\u00bb|||\u00bb global_colors_info=\u00bb{}\u00bb custom_padding__hover=\u00bb|||\u00bb][et_pb_image src=\u00bbhttps:\/\/toldosaraque.com\/madrid\/wp-content\/uploads\/2019\/02\/Lona-Piscina-PVC-San-Martin-de-la-Vega-Madrid-9-.jpg\u00bb align_tablet=\u00bbcenter\u00bb align_phone=\u00bb\u00bb align_last_edited=\u00bbon|desktop\u00bb _builder_version=\u00bb4.16&#8243; animation_style=\u00bbslide\u00bb animation_direction=\u00bbleft\u00bb animation_duration=\u00bb500ms\u00bb animation_intensity_slide=\u00bb10%\u00bb use_border_color=\u00bboff\u00bb border_color=\u00bb#ffffff\u00bb border_style=\u00bbsolid\u00bb animation=\u00bbleft\u00bb sticky=\u00bboff\u00bb global_colors_info=\u00bb{}\u00bb]&nbsp;<br \/>\n[\/et_pb_image][et_pb_text _builder_version=\u00bb4.16&#8243; background_size=\u00bbinitial\u00bb background_position=\u00bbtop_left\u00bb background_repeat=\u00bbrepeat\u00bb module_alignment=\u00bbleft\u00bb custom_margin=\u00bb||0px|\u00bb use_border_color=\u00bboff\u00bb border_color=\u00bb#ffffff\u00bb border_style=\u00bbsolid\u00bb global_colors_info=\u00bb{}\u00bb]<\/p>\n<h4><span class=\"ez-toc-section\" id=\"galeria-de-imagenes\"><\/span>GALER\u00cdA DE IM\u00c1GENES<span class=\"ez-toc-section-end\"><\/span><\/h4>\n<p>[\/et_pb_text][et_pb_divider color=\u00bb#2c99fc\u00bb disabled_on=\u00bboff\u00bb _builder_version=\u00bb4.16&#8243; hide_on_mobile=\u00bboff\u00bb global_colors_info=\u00bb{}\u00bb][\/et_pb_divider][et_pb_gallery gallery_ids=\u00bb4198,5663,3774,5146,4207,4199,4772,5149,4206,4200,4942,4205,3775,5147,5145&#8243; posts_number=\u00bb2&#8243; show_title_and_caption=\u00bboff\u00bb zoom_icon_color=\u00bb#2ea3f2&#8243; _builder_version=\u00bb4.16&#8243; pagination_font_size_tablet=\u00bb51&#8243; pagination_line_height_tablet=\u00bb2&#8243; global_colors_info=\u00bb{}\u00bb][\/et_pb_gallery][et_pb_text _builder_version=\u00bb4.16&#8243; background_size=\u00bbinitial\u00bb background_position=\u00bbtop_left\u00bb background_repeat=\u00bbrepeat\u00bb module_alignment=\u00bbleft\u00bb custom_margin=\u00bb||0px|\u00bb use_border_color=\u00bboff\u00bb border_color=\u00bb#ffffff\u00bb border_style=\u00bbsolid\u00bb global_colors_info=\u00bb{}\u00bb]<\/p>\n<h4 style=\"text-align: justify;\"><span class=\"ez-toc-section\" id=\"catalogo-lona-pool-sauleda\"><\/span>CAT\u00c1LOGO LONA POOL SAULEDA<span class=\"ez-toc-section-end\"><\/span><\/h4>\n<p>[\/et_pb_text][et_pb_divider color=\u00bb#2c99fc\u00bb disabled_on=\u00bboff\u00bb _builder_version=\u00bb4.16&#8243; hide_on_mobile=\u00bboff\u00bb global_colors_info=\u00bb{}\u00bb]&nbsp;<br \/>\n[\/et_pb_divider][et_pb_button button_url=\u00bbhttps:\/\/toldosaraque.com\/madrid\/wp-content\/uploads\/2020\/03\/Catologo-Tejido-Pool-Sauleda.pdf\u00bb url_new_window=\u00bbon\u00bb button_text=\u00bbVer cat\u00e1logo en PDF\u00bb button_alignment=\u00bbleft\u00bb _builder_version=\u00bb4.16&#8243; custom_button=\u00bbon\u00bb button_text_color=\u00bb#000000&#8243; button_bg_color=\u00bb#ffdd0e\u00bb button_border_color=\u00bb#ffdd0e\u00bb button_icon=\u00bb&#x69;||divi||400&#8243; button_letter_spacing_hover=\u00bb0&#8243; global_colors_info=\u00bb{}\u00bb button_text_size__hover_enabled=\u00bboff\u00bb button_one_text_size__hover_enabled=\u00bboff\u00bb button_two_text_size__hover_enabled=\u00bboff\u00bb button_text_color__hover_enabled=\u00bboff\u00bb button_one_text_color__hover_enabled=\u00bboff\u00bb button_two_text_color__hover_enabled=\u00bboff\u00bb button_border_width__hover_enabled=\u00bboff\u00bb button_one_border_width__hover_enabled=\u00bboff\u00bb button_two_border_width__hover_enabled=\u00bboff\u00bb button_border_color__hover_enabled=\u00bboff\u00bb button_one_border_color__hover_enabled=\u00bboff\u00bb button_two_border_color__hover_enabled=\u00bboff\u00bb button_border_radius__hover_enabled=\u00bboff\u00bb button_one_border_radius__hover_enabled=\u00bboff\u00bb button_two_border_radius__hover_enabled=\u00bboff\u00bb button_letter_spacing__hover_enabled=\u00bbon\u00bb button_letter_spacing__hover=\u00bb0&#8243; button_one_letter_spacing__hover_enabled=\u00bboff\u00bb button_two_letter_spacing__hover_enabled=\u00bboff\u00bb button_bg_color__hover_enabled=\u00bboff\u00bb button_one_bg_color__hover_enabled=\u00bboff\u00bb button_two_bg_color__hover_enabled=\u00bboff\u00bb][\/et_pb_button][\/et_pb_column][\/et_pb_row][\/et_pb_section][et_pb_section fb_built=\u00bb1&#8243; _builder_version=\u00bb4.21.0&#8243; _module_preset=\u00bbdefault\u00bb global_colors_info=\u00bb{}\u00bb][et_pb_row _builder_version=\u00bb4.21.0&#8243; _module_preset=\u00bbdefault\u00bb global_colors_info=\u00bb{}\u00bb][et_pb_column type=\u00bb4_4&#8243; _builder_version=\u00bb4.21.0&#8243; _module_preset=\u00bbdefault\u00bb global_colors_info=\u00bb{}\u00bb][et_pb_toggle title=\u00bbLonas para piscinas\u00bb _builder_version=\u00bb4.27.4&#8243; _module_preset=\u00bbdefault\u00bb title_level=\u00bbh2&#8243; title_font_size=\u00bb20px\u00bb hover_enabled=\u00bb0&#8243; global_colors_info=\u00bb{}\u00bb sticky_enabled=\u00bb0&#8243;]<\/p>\n<h3><span class=\"ez-toc-section\" id=\"lonas-para-piscinas-en-madrid-y-zona-sur\"><\/span>Lonas para piscinas en Madrid y zona sur<span class=\"ez-toc-section-end\"><\/span><\/h3>\n<p>Las <strong>lonas para piscinas<\/strong> son la forma m\u00e1s eficaz de proteger el agua, reducir el mantenimiento y mejorar la seguridad cuando la piscina no est\u00e1 en uso. Una cubierta bien instalada evita la acumulaci\u00f3n de suciedad, reduce la evaporaci\u00f3n y ayuda a mantener la temperatura.<\/p>\n<p>Trabajamos la fabricaci\u00f3n e instalaci\u00f3n de <strong>cubiertas para piscinas a medida<\/strong> en Madrid, Valdemoro, Pinto, Parla, Getafe, Ciempozuelos, Aranjuez y municipios cercanos.<\/p>\n<h2><span class=\"ez-toc-section\" id=\"instaladores-de-lonas-para-piscinas\"><\/span>Instaladores de lonas para piscinas<span class=\"ez-toc-section-end\"><\/span><\/h2>\n<p>No todas las cubiertas son iguales. Una lona mal tensada o mal anclada pierde eficacia y puede deteriorarse antes de tiempo. Por eso es importante contar con <strong>instaladores especializados en lonas para piscinas<\/strong>, que ajusten correctamente medidas, anclajes y tensi\u00f3n del material.<\/p>\n<p>Realizamos medici\u00f3n previa y fabricaci\u00f3n personalizada seg\u00fan la forma y dimensiones reales de cada piscina, ya sea enterrada o elevada.<\/p>\n<h2><span class=\"ez-toc-section\" id=\"tipos-de-cubiertas-para-piscinas\"><\/span>Tipos de cubiertas para piscinas<span class=\"ez-toc-section-end\"><\/span><\/h2>\n<h3><span class=\"ez-toc-section\" id=\"cubiertas-de-seguridad\"><\/span>Cubiertas de seguridad<span class=\"ez-toc-section-end\"><\/span><\/h3>\n<p>Dise\u00f1adas para impedir ca\u00eddas accidentales de ni\u00f1os o mascotas. Incorporan sistemas de anclaje resistentes y tejidos reforzados capaces de soportar peso. Adem\u00e1s, protegen frente a hojas, suciedad y agentes externos durante todo el a\u00f1o.<\/p>\n<h3><span class=\"ez-toc-section\" id=\"cubiertas-solares\"><\/span>Cubiertas solares<span class=\"ez-toc-section-end\"><\/span><\/h3>\n<p>Ideales para temporada de ba\u00f1o. Permiten aprovechar la radiaci\u00f3n solar para mantener la temperatura del agua y reducir la evaporaci\u00f3n. Son ligeras y f\u00e1ciles de manipular.<\/p>\n<h3><span class=\"ez-toc-section\" id=\"lonas-de-invierno\"><\/span>Lonas de invierno<span class=\"ez-toc-section-end\"><\/span><\/h3>\n<p>Fabricadas con materiales m\u00e1s robustos para proteger la piscina durante largos periodos sin uso. Reducen el mantenimiento y facilitan la puesta en marcha cuando vuelve la temporada de ba\u00f1o.<\/p>\n<h2><span class=\"ez-toc-section\" id=\"lonas-para-piscina-a-medida\"><\/span>Lonas para piscina a medida<span class=\"ez-toc-section-end\"><\/span><\/h2>\n<p>Cada piscina tiene dimensiones y formas diferentes. Por eso trabajamos <strong>lonas para piscina a medida<\/strong>, adaptadas a:<\/p>\n<ul>\n<li>Piscinas rectangulares.<\/li>\n<li>Piscinas con forma irregular.<\/li>\n<li>Escaleras integradas.<\/li>\n<li>Desniveles o coronaciones especiales.<\/li>\n<\/ul>\n<p>Un ajuste preciso mejora la eficacia de la cubierta y evita tensiones innecesarias en el material.<\/p>\n<h2><span class=\"ez-toc-section\" id=\"ventajas-de-instalar-una-lona-para-piscina\"><\/span>Ventajas de instalar una lona para piscina<span class=\"ez-toc-section-end\"><\/span><\/h2>\n<ul>\n<li>Menor acumulaci\u00f3n de hojas y suciedad.<\/li>\n<li>Reducci\u00f3n del uso de productos qu\u00edmicos.<\/li>\n<li>Menor evaporaci\u00f3n de agua.<\/li>\n<li>Mayor seguridad.<\/li>\n<li>Ahorro en mantenimiento.<\/li>\n<\/ul>\n<p>Una cubierta adecuada no solo protege la piscina, tambi\u00e9n reduce tiempo y costes a medio plazo.<\/p>\n<h2><span class=\"ez-toc-section\" id=\"sustitucion-de-lonas-para-piscinas\"><\/span>Sustituci\u00f3n de lonas para piscinas<span class=\"ez-toc-section-end\"><\/span><\/h2>\n<p>Si la cubierta actual presenta desgaste, roturas o p\u00e9rdida de tensi\u00f3n, es posible realizar la <strong>sustituci\u00f3n de la lona<\/strong> manteniendo parte del sistema de anclaje si est\u00e1 en buen estado.<\/p>\n<p>Revisamos cada instalaci\u00f3n para asegurar compatibilidad y ofrecer una soluci\u00f3n adaptada a la estructura existente.<\/p>\n<h2><span class=\"ez-toc-section\" id=\"fabricacion-e-instalacion-en-valdemoro-pinto-y-alrededores\"><\/span>Fabricaci\u00f3n e instalaci\u00f3n en Valdemoro, Pinto y alrededores<span class=\"ez-toc-section-end\"><\/span><\/h2>\n<p>Realizamos instalaci\u00f3n de lonas para piscinas en Valdemoro, Pinto, Parla, Getafe, Ciempozuelos, Aranjuez y zona sur de Madrid. Nos adaptamos a viviendas particulares, comunidades y fincas privadas.<\/p>\n<p>La correcta tensi\u00f3n y fijaci\u00f3n es clave para garantizar durabilidad y seguridad.<\/p>\n<h2><span class=\"ez-toc-section\" id=\"preguntas-frecuentes-sobre-lonas-para-piscinas\"><\/span>Preguntas frecuentes sobre lonas para piscinas<span class=\"ez-toc-section-end\"><\/span><\/h2>\n<h3><span class=\"ez-toc-section\" id=\"%c2%bfes-obligatorio-instalar-una-cubierta-de-seguridad\"><\/span>\u00bfEs obligatorio instalar una cubierta de seguridad?<span class=\"ez-toc-section-end\"><\/span><\/h3>\n<p>No siempre es obligatorio, pero es muy recomendable cuando hay ni\u00f1os o mascotas en la vivienda.<\/p>\n<h3><span class=\"ez-toc-section\" id=\"%c2%bfcuanto-dura-una-lona-de-piscina\"><\/span>\u00bfCu\u00e1nto dura una lona de piscina?<span class=\"ez-toc-section-end\"><\/span><\/h3>\n<p>Depende del material y exposici\u00f3n, pero una lona de calidad correctamente instalada ofrece varios a\u00f1os de uso.<\/p>\n<h3><span class=\"ez-toc-section\" id=\"%c2%bfse-puede-instalar-en-cualquier-piscina\"><\/span>\u00bfSe puede instalar en cualquier piscina?<span class=\"ez-toc-section-end\"><\/span><\/h3>\n<p>S\u00ed, siempre que se realice medici\u00f3n previa y fabricaci\u00f3n a medida.<\/p>\n<h3><span class=\"ez-toc-section\" id=\"%c2%bfreduce-realmente-el-mantenimiento\"><\/span>\u00bfReduce realmente el mantenimiento?<span class=\"ez-toc-section-end\"><\/span><\/h3>\n<p>S\u00ed. Evita que la suciedad entre en el agua y disminuye la evaporaci\u00f3n, lo que reduce reposiciones y productos qu\u00edmicos.<\/p>\n<p>[\/et_pb_toggle][et_pb_text _builder_version=\u00bb4.27.4&#8243; _module_preset=\u00bbdefault\u00bb hover_enabled=\u00bb0&#8243; global_colors_info=\u00bb{}\u00bb sticky_enabled=\u00bb0&#8243;][\/et_pb_text][\/et_pb_column][\/et_pb_row][\/et_pb_section]<\/p>\n","protected":false},"excerpt":{"rendered":"<p>LONAS PARA PISCINASOfrecemos todo tipo de lonas para piscinas adaptadas a todo tipo de superficies y tama\u00f1os. Cubriendo su piscina con una lona apropiada, podr\u00e1 mantener el agua en buenas condiciones todo el invierno sin necesidad de limpiar cada temporada, ahorrando en productos qu\u00edmicos y trabajo. El sistema de anclaje de la lona al borde [&hellip;]<\/p>\n","protected":false},"author":3,"featured_media":5663,"parent":0,"menu_order":0,"comment_status":"closed","ping_status":"closed","template":"","meta":{"_et_pb_use_builder":"on","_et_pb_old_content":"<p style=\"text-align: justify;\"><img class=\"alignleft size-medium wp-image-631\" src=\"https:\/\/www.toldosaraque.com\/wp-content\/uploads\/2014\/01\/LONA-PISCINA-5-300x225.jpg\" alt=\"LONA PISCINA 5\" width=\"300\" height=\"225\" \/><\/p><p style=\"text-align: justify;\">Ofrecemos todo tipo de <b>lonas para piscinas adaptadas<\/b> a todo tipo de superficies y tama\u00f1os.<\/p><p style=\"text-align: justify;\">Cubriendo su piscina con una lona apropiada, podr\u00e1 mantener el agua en buenas condiciones<b> todo el invierno<\/b> sin necesidad de limpiar cada temporada, <b>ahorrando en productos qu\u00edmicos y trabajo<\/b>. El sistema de anclaje de la lona al borde de la piscina evitar\u00e1 adem\u00e1s que se produzcan accidentes con los ni\u00f1os y mascotas, evitando ca\u00eddas al agua. Las lonas para piscina ofrecen una seguridad total y gran tranquilidad a la familia.<\/p><p style=\"text-align: justify;\">Las lonas para piscina tienen muchas ventajas, al usar una lona de toldo se produce un ahorro en el consumo de agua, elimina trabajo de limpieza, es eficiente y duradera e impide la ca\u00edda de hojas, tierra y alarga la vida de la depuradora.<\/p><p style=\"text-align: justify;\">Disponemos de cobertores de PVC de 580 gr. en colores azul y negro. Soportan sin problemas el peso de una persona adulta y es un excelente quita miedos.<\/p><ol><li>Evita la descomposici\u00f3n del agua.<\/li><li>Anula los efectos de las heladas.<\/li><li>Impide el paso de la suciedad.<\/li><li>Suprime los Trabajos de Puesta a Punto.<\/li><li>Conserva el vaso de la piscina.<\/li><li>Ahorra gran cantidad de agua.<\/li><li>El agua puede ser reutilizada.<\/li><li>Ofrece gran resistencia al peso.<\/li><li>Seguridad para ni\u00f1os.<\/li><\/ol><p><img class=\"ngg_displayed_gallery mceItem\" src=\"https:\/\/www.toldosaraque.com\/nextgen-attach_to_post\/preview\/id--2181\" alt=\"\" data-mce-placeholder=\"1\" \/><\/p>","_et_gb_content_width":"","_joinchat":[],"footnotes":""},"class_list":["post-231","page","type-page","status-publish","has-post-thumbnail","hentry"],"_links":{"self":[{"href":"https:\/\/toldosaraque.com\/madrid\/wp-json\/wp\/v2\/pages\/231","targetHints":{"allow":["GET"]}}],"collection":[{"href":"https:\/\/toldosaraque.com\/madrid\/wp-json\/wp\/v2\/pages"}],"about":[{"href":"https:\/\/toldosaraque.com\/madrid\/wp-json\/wp\/v2\/types\/page"}],"author":[{"embeddable":true,"href":"https:\/\/toldosaraque.com\/madrid\/wp-json\/wp\/v2\/users\/3"}],"replies":[{"embeddable":true,"href":"https:\/\/toldosaraque.com\/madrid\/wp-json\/wp\/v2\/comments?post=231"}],"version-history":[{"count":2,"href":"https:\/\/toldosaraque.com\/madrid\/wp-json\/wp\/v2\/pages\/231\/revisions"}],"predecessor-version":[{"id":7782,"href":"https:\/\/toldosaraque.com\/madrid\/wp-json\/wp\/v2\/pages\/231\/revisions\/7782"}],"wp:featuredmedia":[{"embeddable":true,"href":"https:\/\/toldosaraque.com\/madrid\/wp-json\/wp\/v2\/media\/5663"}],"wp:attachment":[{"href":"https:\/\/toldosaraque.com\/madrid\/wp-json\/wp\/v2\/media?parent=231"}],"curies":[{"name":"wp","href":"https:\/\/api.w.org\/{rel}","templated":true}]}}