{"id":3801,"date":"2016-03-16T20:51:25","date_gmt":"2016-03-16T19:51:25","guid":{"rendered":"https:\/\/toldosaraque.com\/madrid\/?page_id=3801"},"modified":"2026-03-01T11:48:39","modified_gmt":"2026-03-01T10:48:39","slug":"pergola-100-x-100","status":"publish","type":"page","link":"https:\/\/toldosaraque.com\/madrid\/pergola-100-x-100\/","title":{"rendered":"P\u00c9RGOLA 100 x 100"},"content":{"rendered":"<p>[et_pb_section fb_built=\u00bb1&#8243; admin_label=\u00bbsection\u00bb _builder_version=\u00bb4.16&#8243; global_colors_info=\u00bb{}\u00bb][et_pb_row column_structure=\u00bb1_2,1_2&#8243; admin_label=\u00bbrow\u00bb _builder_version=\u00bb4.16&#8243; background_size=\u00bbinitial\u00bb background_position=\u00bbtop_left\u00bb background_repeat=\u00bbrepeat\u00bb global_colors_info=\u00bb{}\u00bb][et_pb_column type=\u00bb1_2&#8243; _builder_version=\u00bb4.16&#8243; custom_padding=\u00bb|||\u00bb global_colors_info=\u00bb{}\u00bb custom_padding__hover=\u00bb|||\u00bb][et_pb_text admin_label=\u00bbTexto\u00bb _builder_version=\u00bb4.19.5&#8243; header_font=\u00bb|700|||||||\u00bb background_size=\u00bbinitial\u00bb background_position=\u00bbtop_left\u00bb background_repeat=\u00bbrepeat\u00bb custom_margin=\u00bb||0px|\u00bb custom_padding=\u00bb||0px|\u00bb use_border_color=\u00bboff\u00bb border_color=\u00bb#ffffff\u00bb border_style=\u00bbsolid\u00bb global_colors_info=\u00bb{}\u00bb]<\/p><div id=\"ez-toc-container\" class=\"ez-toc-v2_0_81 ez-toc-wrap-center counter-hierarchy ez-toc-counter ez-toc-grey ez-toc-container-direction\">\n<p class=\"ez-toc-title\" style=\"cursor:inherit\">Resumen:<\/p>\n<label for=\"ez-toc-cssicon-toggle-item-69e2e2a9798ce\" class=\"ez-toc-cssicon-toggle-label\"><span class=\"ez-toc-cssicon\"><span class=\"eztoc-hide\" style=\"display:none;\">Toggle<\/span><span class=\"ez-toc-icon-toggle-span\"><svg style=\"fill: #999;color:#999\" xmlns=\"http:\/\/www.w3.org\/2000\/svg\" class=\"list-377408\" width=\"20px\" height=\"20px\" viewBox=\"0 0 24 24\" fill=\"none\"><path d=\"M6 6H4v2h2V6zm14 0H8v2h12V6zM4 11h2v2H4v-2zm16 0H8v2h12v-2zM4 16h2v2H4v-2zm16 0H8v2h12v-2z\" fill=\"currentColor\"><\/path><\/svg><svg style=\"fill: #999;color:#999\" class=\"arrow-unsorted-368013\" xmlns=\"http:\/\/www.w3.org\/2000\/svg\" width=\"10px\" height=\"10px\" viewBox=\"0 0 24 24\" version=\"1.2\" baseProfile=\"tiny\"><path d=\"M18.2 9.3l-6.2-6.3-6.2 6.3c-.2.2-.3.4-.3.7s.1.5.3.7c.2.2.4.3.7.3h11c.3 0 .5-.1.7-.3.2-.2.3-.5.3-.7s-.1-.5-.3-.7zM5.8 14.7l6.2 6.3 6.2-6.3c.2-.2.3-.5.3-.7s-.1-.5-.3-.7c-.2-.2-.4-.3-.7-.3h-11c-.3 0-.5.1-.7.3-.2.2-.3.5-.3.7s.1.5.3.7z\"\/><\/svg><\/span><\/span><\/label><input type=\"checkbox\"  id=\"ez-toc-cssicon-toggle-item-69e2e2a9798ce\" checked aria-label=\"Alternar\" \/><nav><ul class='ez-toc-list ez-toc-list-level-1 ' ><li class='ez-toc-page-1 ez-toc-heading-level-1'><a class=\"ez-toc-link ez-toc-heading-1\" href=\"https:\/\/toldosaraque.com\/madrid\/pergola-100-x-100\/#pergola-100-x-100\" >P\u00c9RGOLA 100 X 100<\/a><ul class='ez-toc-list-level-3' ><li class='ez-toc-heading-level-3'><ul class='ez-toc-list-level-3' ><li class='ez-toc-heading-level-3'><a class=\"ez-toc-link ez-toc-heading-2\" href=\"https:\/\/toldosaraque.com\/madrid\/pergola-100-x-100\/#galeria-de-imagenes\" >GALERIA DE IMAGENES<\/a><\/li><li class='ez-toc-page-1 ez-toc-heading-level-3'><a class=\"ez-toc-link ez-toc-heading-3\" href=\"https:\/\/toldosaraque.com\/madrid\/pergola-100-x-100\/#videos\" >VIDEOS<\/a><\/li><\/ul><\/li><li class='ez-toc-page-1 ez-toc-heading-level-2'><a class=\"ez-toc-link ez-toc-heading-4\" href=\"https:\/\/toldosaraque.com\/madrid\/pergola-100-x-100\/#pergola-100%c3%97100\" >P\u00e9rgola 100&#215;100<\/a><\/li><li class='ez-toc-page-1 ez-toc-heading-level-2'><a class=\"ez-toc-link ez-toc-heading-5\" href=\"https:\/\/toldosaraque.com\/madrid\/pergola-100-x-100\/#que-aporta-un-perfil-100%c3%97100-en-una-pergola\" >Qu\u00e9 aporta un perfil 100&#215;100 en una p\u00e9rgola<\/a><\/li><li class='ez-toc-page-1 ez-toc-heading-level-2'><a class=\"ez-toc-link ez-toc-heading-6\" href=\"https:\/\/toldosaraque.com\/madrid\/pergola-100-x-100\/#materiales-habituales\" >Materiales habituales<\/a><\/li><li class='ez-toc-page-1 ez-toc-heading-level-2'><a class=\"ez-toc-link ez-toc-heading-7\" href=\"https:\/\/toldosaraque.com\/madrid\/pergola-100-x-100\/#compatibilidad-con-toldos-y-cubiertas\" >Compatibilidad con toldos y cubiertas<\/a><\/li><li class='ez-toc-page-1 ez-toc-heading-level-2'><a class=\"ez-toc-link ez-toc-heading-8\" href=\"https:\/\/toldosaraque.com\/madrid\/pergola-100-x-100\/#cuando-elegir-una-pergola-100%c3%97100\" >Cu\u00e1ndo elegir una p\u00e9rgola 100&#215;100<\/a><\/li><li class='ez-toc-page-1 ez-toc-heading-level-2'><a class=\"ez-toc-link ez-toc-heading-9\" href=\"https:\/\/toldosaraque.com\/madrid\/pergola-100-x-100\/#instalacion-en-madrid-valdemoro-y-alrededores\" >Instalaci\u00f3n en Madrid, Valdemoro y alrededores<\/a><\/li><li class='ez-toc-page-1 ez-toc-heading-level-2'><a class=\"ez-toc-link ez-toc-heading-10\" href=\"https:\/\/toldosaraque.com\/madrid\/pergola-100-x-100\/#preguntas-frecuentes-sobre-pergolas-100%c3%97100\" >Preguntas frecuentes sobre p\u00e9rgolas 100&#215;100<\/a><ul class='ez-toc-list-level-3' ><li class='ez-toc-heading-level-3'><a class=\"ez-toc-link ez-toc-heading-11\" href=\"https:\/\/toldosaraque.com\/madrid\/pergola-100-x-100\/#%c2%bf100%c3%97100-es-el-tamano-total-de-la-pergola\" >\u00bf100&#215;100 es el tama\u00f1o total de la p\u00e9rgola?<\/a><\/li><li class='ez-toc-page-1 ez-toc-heading-level-3'><a class=\"ez-toc-link ez-toc-heading-12\" href=\"https:\/\/toldosaraque.com\/madrid\/pergola-100-x-100\/#%c2%bfes-mas-resistente-que-un-perfil-menor\" >\u00bfEs m\u00e1s resistente que un perfil menor?<\/a><\/li><li class='ez-toc-page-1 ez-toc-heading-level-3'><a class=\"ez-toc-link ez-toc-heading-13\" href=\"https:\/\/toldosaraque.com\/madrid\/pergola-100-x-100\/#%c2%bfsiempre-es-necesario-elegir-100%c3%97100\" >\u00bfSiempre es necesario elegir 100&#215;100?<\/a><\/li><\/ul><\/li><\/ul><\/li><\/ul><\/nav><\/div>\n\n<h1 style=\"text-align: center;\"><span class=\"ez-toc-section\" id=\"pergola-100-x-100\"><\/span>P\u00c9RGOLA 100 X 100<span class=\"ez-toc-section-end\"><\/span><\/h1>\n<p>[\/et_pb_text][et_pb_divider color=\u00bb#2c99fc\u00bb admin_label=\u00bbSeparador\u00bb _builder_version=\u00bb4.16&#8243; hide_on_mobile=\u00bboff\u00bb global_colors_info=\u00bb{}\u00bb][\/et_pb_divider][et_pb_text admin_label=\u00bbTexto\u00bb _builder_version=\u00bb4.16&#8243; background_size=\u00bbinitial\u00bb background_position=\u00bbtop_left\u00bb background_repeat=\u00bbrepeat\u00bb use_border_color=\u00bboff\u00bb border_color=\u00bb#ffffff\u00bb border_style=\u00bbsolid\u00bb global_colors_info=\u00bb{}\u00bb]<span style=\"color: #000000;\">Sistema con aplicaci\u00f3n en el montaje de pergolas de dimensiones grandes, para ser montado con perfil de 100 x 100.<\/span><\/p>\n<p><span style=\"color: #000000;\">La l\u00ednea m\u00e1xima es 7 metros.<\/span><br \/>\n<span style=\"color: #000000;\"> Salida m\u00e1xima recomendada es 7 metros.<\/span><br \/>\n[\/et_pb_text][et_pb_text admin_label=\u00bbTexto\u00bb _builder_version=\u00bb4.16&#8243; background_size=\u00bbinitial\u00bb background_position=\u00bbtop_left\u00bb background_repeat=\u00bbrepeat\u00bb custom_margin=\u00bb||0px|\u00bb custom_padding=\u00bb||0px|\u00bb use_border_color=\u00bboff\u00bb border_color=\u00bb#ffffff\u00bb border_style=\u00bbsolid\u00bb global_colors_info=\u00bb{}\u00bb]<\/p>\n<h3 style=\"text-align: center;\"><span class=\"ez-toc-section\" id=\"galeria-de-imagenes\"><\/span>GALERIA DE IMAGENES<span class=\"ez-toc-section-end\"><\/span><\/h3>\n<p>[\/et_pb_text][et_pb_divider color=\u00bb#2c99fc\u00bb admin_label=\u00bbSeparador\u00bb _builder_version=\u00bb4.16&#8243; hide_on_mobile=\u00bboff\u00bb global_colors_info=\u00bb{}\u00bb][\/et_pb_divider][et_pb_gallery gallery_ids=\u00bb4672,5156,4137,5075,4671,6574,5157,4138,4256,4668,4669,4674,4673,4670,4698,4699,5159,5158,5155&#8243; posts_number=\u00bb2&#8243; show_title_and_caption=\u00bboff\u00bb zoom_icon_color=\u00bb#2ea3f2&#8243; admin_label=\u00bbGaler\u00eda\u00bb _builder_version=\u00bb4.16&#8243; caption_font=\u00bb||||||||\u00bb pagination_font=\u00bb||||||||\u00bb border_style=\u00bbsolid\u00bb global_colors_info=\u00bb{}\u00bb][\/et_pb_gallery][\/et_pb_column][et_pb_column type=\u00bb1_2&#8243; _builder_version=\u00bb4.16&#8243; custom_padding=\u00bb|||\u00bb global_colors_info=\u00bb{}\u00bb custom_padding__hover=\u00bb|||\u00bb][et_pb_image src=\u00bbhttps:\/\/toldosaraque.com\/madrid\/wp-content\/uploads\/2017\/06\/Pergola-100-x-100-Madrid-5-.jpg\u00bb align_tablet=\u00bbcenter\u00bb align_phone=\u00bb\u00bb align_last_edited=\u00bbon|desktop\u00bb admin_label=\u00bbImagen\u00bb _builder_version=\u00bb4.16&#8243; custom_margin=\u00bb0px|||\u00bb animation_style=\u00bbslide\u00bb animation_direction=\u00bbleft\u00bb animation_duration=\u00bb500ms\u00bb animation_intensity_slide=\u00bb10%\u00bb border_style=\u00bbsolid\u00bb sticky=\u00bboff\u00bb global_colors_info=\u00bb{}\u00bb][\/et_pb_image][\/et_pb_column][\/et_pb_row][et_pb_row column_structure=\u00bb1_2,1_2&#8243; _builder_version=\u00bb4.16&#8243; global_colors_info=\u00bb{}\u00bb][et_pb_column type=\u00bb1_2&#8243; _builder_version=\u00bb4.16&#8243; global_colors_info=\u00bb{}\u00bb][et_pb_text admin_label=\u00bbTexto\u00bb _builder_version=\u00bb4.16&#8243; background_size=\u00bbinitial\u00bb background_position=\u00bbtop_left\u00bb background_repeat=\u00bbrepeat\u00bb custom_margin=\u00bb||0px|\u00bb custom_padding=\u00bb||0px|\u00bb border_style=\u00bbsolid\u00bb global_colors_info=\u00bb{}\u00bb]<\/p>\n<h3 style=\"text-align: center;\"><span class=\"ez-toc-section\" id=\"videos\"><\/span>VIDEOS<span class=\"ez-toc-section-end\"><\/span><\/h3>\n<p>[\/et_pb_text][et_pb_divider color=\u00bb#2c99fc\u00bb admin_label=\u00bbSeparador\u00bb _builder_version=\u00bb4.16&#8243; hide_on_mobile=\u00bboff\u00bb global_colors_info=\u00bb{}\u00bb][\/et_pb_divider][et_pb_video src=\u00bbhttps:\/\/www.youtube.com\/watch?v=TKX1nUzLFCs\u00bb admin_label=\u00bbV\u00eddeo\u00bb _builder_version=\u00bb4.16&#8243; global_colors_info=\u00bb{}\u00bb][\/et_pb_video][\/et_pb_column][et_pb_column type=\u00bb1_2&#8243; _builder_version=\u00bb4.16&#8243; global_colors_info=\u00bb{}\u00bb][\/et_pb_column][\/et_pb_row][et_pb_row _builder_version=\u00bb4.24.2&#8243; _module_preset=\u00bbdefault\u00bb global_colors_info=\u00bb{}\u00bb][et_pb_column type=\u00bb4_4&#8243; _builder_version=\u00bb4.24.2&#8243; _module_preset=\u00bbdefault\u00bb global_colors_info=\u00bb{}\u00bb][et_pb_text _builder_version=\u00bb4.24.2&#8243; _module_preset=\u00bbdefault\u00bb global_colors_info=\u00bb{}\u00bb]<\/p>\n<p>M\u00c1S INFORMACI\u00d3N<\/p>\n<p>[\/et_pb_text][et_pb_divider _builder_version=\u00bb4.24.2&#8243; _module_preset=\u00bbdefault\u00bb global_colors_info=\u00bb{}\u00bb][\/et_pb_divider][et_pb_text _builder_version=\u00bb4.27.4&#8243; _module_preset=\u00bbdefault\u00bb hover_enabled=\u00bb0&#8243; global_colors_info=\u00bb{}\u00bb sticky_enabled=\u00bb0&#8243;]<\/p>\n<h2><span class=\"ez-toc-section\" id=\"pergola-100%c3%97100\"><\/span>P\u00e9rgola 100&#215;100<span class=\"ez-toc-section-end\"><\/span><\/h2>\n<p>Una <strong>p\u00e9rgola 100&#215;100<\/strong> suele hacer referencia al tama\u00f1o del perfil estructural utilizado en los postes principales. El perfil de <strong>100&#215;100 mm<\/strong> es una secci\u00f3n habitual cuando se busca mayor robustez, estabilidad y capacidad de carga en estructuras exteriores.<\/p>\n<p>Este tipo de secci\u00f3n cuadrada aporta una presencia visual m\u00e1s s\u00f3lida y permite cubrir superficies mayores con seguridad, especialmente en terrazas amplias, jardines o espacios de uso intensivo.<\/p>\n<h2><span class=\"ez-toc-section\" id=\"que-aporta-un-perfil-100%c3%97100-en-una-pergola\"><\/span>Qu\u00e9 aporta un perfil 100&#215;100 en una p\u00e9rgola<span class=\"ez-toc-section-end\"><\/span><\/h2>\n<p>El uso de postes <strong>100&#215;100<\/strong> mejora el comportamiento estructural del conjunto. Es una medida recomendada cuando la p\u00e9rgola:<\/p>\n<ul>\n<li>Cubre grandes dimensiones.<\/li>\n<li>Soporta lona tensada o sistemas m\u00f3viles pesados.<\/li>\n<li>Puede estar expuesta a viento frecuente.<\/li>\n<li>Incorpora cerramientos laterales o accesorios adicionales.<\/li>\n<\/ul>\n<p>El aumento de secci\u00f3n implica mayor rigidez y menor flexi\u00f3n, algo importante cuando la estructura trabaja a diario en exterior.<\/p>\n<h2><span class=\"ez-toc-section\" id=\"materiales-habituales\"><\/span>Materiales habituales<span class=\"ez-toc-section-end\"><\/span><\/h2>\n<p>Una <strong>p\u00e9rgola con perfil 100&#215;100<\/strong> suele fabricarse en <strong>aluminio lacado<\/strong> o <strong>acero tratado<\/strong> para exterior. Ambos materiales ofrecen resistencia y buen comportamiento frente a la intemperie.<\/p>\n<p>El acabado puede adaptarse al entorno para que la estructura no resulte excesivamente pesada visualmente, a pesar de su mayor secci\u00f3n.<\/p>\n<h2><span class=\"ez-toc-section\" id=\"compatibilidad-con-toldos-y-cubiertas\"><\/span>Compatibilidad con toldos y cubiertas<span class=\"ez-toc-section-end\"><\/span><\/h2>\n<p>El perfil 100&#215;100 es adecuado para integrar <strong>toldos p\u00e9rgola<\/strong>, sistemas de lona impermeable o soluciones m\u00f3viles. Su capacidad estructural permite incorporar iluminaci\u00f3n, cerramientos laterales o sistemas adicionales sin comprometer la estabilidad.<\/p>\n<h2><span class=\"ez-toc-section\" id=\"cuando-elegir-una-pergola-100%c3%97100\"><\/span>Cu\u00e1ndo elegir una p\u00e9rgola 100&#215;100<span class=\"ez-toc-section-end\"><\/span><\/h2>\n<p>No todas las instalaciones requieren este tipo de secci\u00f3n. En espacios peque\u00f1os puede ser suficiente un perfil menor. Sin embargo, cuando se busca una estructura m\u00e1s s\u00f3lida o se trata de cubrir una superficie amplia, el perfil 100&#215;100 ofrece un margen adicional de seguridad y durabilidad.<\/p>\n<h2><span class=\"ez-toc-section\" id=\"instalacion-en-madrid-valdemoro-y-alrededores\"><\/span>Instalaci\u00f3n en Madrid, Valdemoro y alrededores<span class=\"ez-toc-section-end\"><\/span><\/h2>\n<p>Antes de decidir el perfil estructural, es importante valorar dimensiones totales, exposici\u00f3n al viento y tipo de anclaje. Una correcta planificaci\u00f3n garantiza que la <strong>p\u00e9rgola 100&#215;100<\/strong> est\u00e9 dimensionada de forma adecuada para el espacio.<\/p>\n<p>Realizamos instalaci\u00f3n en Madrid, Valdemoro y municipios cercanos, adaptando cada proyecto a las necesidades reales de la vivienda o negocio.<\/p>\n<h2><span class=\"ez-toc-section\" id=\"preguntas-frecuentes-sobre-pergolas-100%c3%97100\"><\/span>Preguntas frecuentes sobre p\u00e9rgolas 100&#215;100<span class=\"ez-toc-section-end\"><\/span><\/h2>\n<h3><span class=\"ez-toc-section\" id=\"%c2%bf100%c3%97100-es-el-tamano-total-de-la-pergola\"><\/span>\u00bf100&#215;100 es el tama\u00f1o total de la p\u00e9rgola?<span class=\"ez-toc-section-end\"><\/span><\/h3>\n<p>No. Se refiere al tama\u00f1o del perfil de los postes principales.<\/p>\n<h3><span class=\"ez-toc-section\" id=\"%c2%bfes-mas-resistente-que-un-perfil-menor\"><\/span>\u00bfEs m\u00e1s resistente que un perfil menor?<span class=\"ez-toc-section-end\"><\/span><\/h3>\n<p>S\u00ed. Ofrece mayor rigidez estructural y capacidad de carga.<\/p>\n<h3><span class=\"ez-toc-section\" id=\"%c2%bfsiempre-es-necesario-elegir-100%c3%97100\"><\/span>\u00bfSiempre es necesario elegir 100&#215;100?<span class=\"ez-toc-section-end\"><\/span><\/h3>\n<p>No. Depende del tama\u00f1o de la superficie y de las condiciones de instalaci\u00f3n.<\/p>\n<p>[\/et_pb_text][\/et_pb_column][\/et_pb_row][\/et_pb_section]<\/p>\n","protected":false},"excerpt":{"rendered":"<p>P\u00c9RGOLA 100 X 100Sistema con aplicaci\u00f3n en el montaje de pergolas de dimensiones grandes, para ser montado con perfil de 100 x 100. La l\u00ednea m\u00e1xima es 7 metros. Salida m\u00e1xima recomendada es 7 metros. GALERIA DE IMAGENES VIDEOS M\u00c1S INFORMACI\u00d3NP\u00e9rgola 100&#215;100 Una p\u00e9rgola 100&#215;100 suele hacer referencia al tama\u00f1o del perfil estructural utilizado en [&hellip;]<\/p>\n","protected":false},"author":3,"featured_media":0,"parent":0,"menu_order":0,"comment_status":"closed","ping_status":"closed","template":"","meta":{"_et_pb_use_builder":"on","_et_pb_old_content":"","_et_gb_content_width":"","_joinchat":[],"footnotes":""},"class_list":["post-3801","page","type-page","status-publish","hentry"],"_links":{"self":[{"href":"https:\/\/toldosaraque.com\/madrid\/wp-json\/wp\/v2\/pages\/3801","targetHints":{"allow":["GET"]}}],"collection":[{"href":"https:\/\/toldosaraque.com\/madrid\/wp-json\/wp\/v2\/pages"}],"about":[{"href":"https:\/\/toldosaraque.com\/madrid\/wp-json\/wp\/v2\/types\/page"}],"author":[{"embeddable":true,"href":"https:\/\/toldosaraque.com\/madrid\/wp-json\/wp\/v2\/users\/3"}],"replies":[{"embeddable":true,"href":"https:\/\/toldosaraque.com\/madrid\/wp-json\/wp\/v2\/comments?post=3801"}],"version-history":[{"count":2,"href":"https:\/\/toldosaraque.com\/madrid\/wp-json\/wp\/v2\/pages\/3801\/revisions"}],"predecessor-version":[{"id":7769,"href":"https:\/\/toldosaraque.com\/madrid\/wp-json\/wp\/v2\/pages\/3801\/revisions\/7769"}],"wp:attachment":[{"href":"https:\/\/toldosaraque.com\/madrid\/wp-json\/wp\/v2\/media?parent=3801"}],"curies":[{"name":"wp","href":"https:\/\/api.w.org\/{rel}","templated":true}]}}